 -10100?
-10102
In base 3, what is -1010 + -1000?
-2010
In base 12, what is 8 + 54?
60
In base 9, what is 100 + -6?
83
In base 8, what is -274 + 4?
-270
In base 2, what is -1111 + -111010?
-1001001
In base 4, what is 102203 - -11?
102220
In base 2, what is -100 - -100001000101?
100001000001
In base 9, what is 3 - -328?
332
In base 3, what is 21 - -12222?
20020
In base 4, what is 31 - 112?
-21
In base 8, what is 22 - -3?
25
In base 10, what is 4 + 154?
158
In base 11, what is 3 + 26?
29
In base 11, what is -5 - 156?
-160
In base 7, what is 64 - 1044?
-650
In base 4, what is 1332 - -322?
2320
In base 2, what is 11 + -101000010?
-100111111
In base 9, what is 2 - -100?
102
In base 3, what is -1 - -222?
221
In base 10, what is 3 + -50?
-47
In base 5, what is -303034 - 3?
-303042
In base 3, what is -2200220 - -12?
-2200201
In base 16, what is -8 + 206?
1fe
In base 10, what is 4 - 37?
-33
In base 11, what is 0 + -555?
-555
In base 3, what is -1 - 1112?
-1120
In base 5, what is 1 + 122431?
122432
In base 7, what is 13 + -1421?
-1405
In base 13, what is -5 - 76?
-7b
In base 10, what is -10 - 15?
-25
In base 8, what is -14472 + -1?
-14473
In base 14, what is -249 - -14?
-235
In base 11, what is 1666 - -5?
1670
In base 16, what is -2 - -1d5?
1d3
In base 16, what is -134 + e?
-126
In base 8, what is -3 + 1433?
1430
In base 11, what is -337 - -70?
-277
In base 15, what is -2c + -db?
-118
In base 8, what is -5 + 1725?
1720
In base 6, what is 103 + -11?
52
In base 7, what is 21 + -1?
20
In base 6, what is 4 - 4005?
-4001
In base 15, what is e3 - 3a?
a8
In base 14, what is -3 - 58c?
-591
In base 12, what is -3 + 36?
33
In base 11, what is -2 - 48?
-4a
In base 15, what is -1 + 24?
23
In base 10, what is -4 + -323?
-327
In base 15, what is 31 - 25?
b
In base 3, what is -200 - 1111?
-2011
In base 16, what is -82 - 16?
-98
In base 11, what is 1 - 5?
-4
In base 11, what is -898 - 2?
-89a
In base 12, what is 22 + 134?
156
In base 15, what is 4c6 - 5?
4c1
In base 16, what is -9 - 5?
-e
In base 14, what is 14 - 472?
-45c
In base 12, what is -1 + 16?
15
In base 11, what is -408 + 9?
-3aa
In base 13, what is -7 + 944?
93a
In base 11, what is 13 - -18a?
1a2
In base 9, what is -1 + 8543?
8542
In base 5, what is 43 + 2?
100
In base 2, what is -10 + 101011?
101001
In base 15, what is 140 + 1?
141
In base 4, what is -33303 + -1?
-33310
In base 6, what is -31 + 1224?
1153
In base 13, what is -84 + -2?
-86
In base 11, what is 2 + 65?
67
In base 11, what is -9a9 - -7?
-9a2
In base 13, what is -27 + 28?
1
In base 6, what is 4 + -42?
-34
In base 3, what is 12 + 120222?
121011
In base 5, what is -424334 - -2?
-424332
In base 9, what is -5 + -168?
-174
In base 13, what is 3 - 34?
-31
In base 10, what is 25 - 26?
-1
In base 12, what is -3 - 5?
-8
In base 11, what is -4 + -132a?
-1333
In base 9, what is 0 + -17?
-17
In base 7, what is 40 - 33?
4
In base 13, what is 5 + 15b9?
15c1
In base 3, what is -10211 - 20?
-11001
In base 5, what is 140 - 0?
140
In base 3, what is -1110000 + -2?
-1110002
In base 3, what is 2112222 + 1?
2120000
In base 2, what is -11100 + -11?
-11111
In base 8, what is 5 - -117?
124
In base 7, what is 5 + -15164?
-15156
In base 8, what is 3 + -113?
-110
In base 4, what is 1 - 233?
-232
In base 5, what is -1 - 4402?
-4403
In base 14, what is 0 + -13c?
-13c
In base 7, what is 413 - -1?
414
In base 10, what is -1 - -153?
152
In base 4, what is 222 - 30?
132
In base 12, what is 1 + 1584?
1585
In base 11, what is -302 - 30?
-332
In base 12, what is -78 + 2?
-76
In base 5, what is 11 + 1324?
1340
In base 7, what is -20 + 2245?
2225
In base 8, what is -400 + 5?
-373
In base 10, what is 0 - 948?
-948
In base 11, what is 406 - -5?
410
In base 15, what is -3abc - -5?
-3ab7
In base 11, what is -8 - -802?
7a5
In base 6, what is 314 - 101?
213
In base 14, what is 3412 - 0?
3412
In base 8, what is -332 - -5?
-325
In base 4, what is -3333 + -10?
-10003
In base 2, what is -10010 + 1011100?
1001010
In base 11, what is -5 - -16?
11
In base 7, what is 1021 + 0?
1021
In base 5, what is -1 - -20443?
20442
In base 4, what is -100 + 23?
-11
In base 3, what is -110 - -1121?
1011
In base 3, what is 2 + -212012?
-212010
In base 11, what is -2 - -331?
32a
In base 15, what is -1a - -87?
6c
In base 5, what is 1022 + 103?
1130
In base 2, what is 100 - 1100110?
-1100010
In base 14, what is 4 - -a5?
a9
In base 11, what is 117 - 0?
117
In base 16, what is a9 - 45?
64
In base 15, what is 123 + 0?
123
In base 7, what is -2 - -3033?
3031
In base 6, what is -10 - -115?
105
In base 4, what is -2 + 122?
120
In base 14, what is 10bc + -3?
10b9
In base 8, what is 7424 - -3?
7427
In base 11, what is a - 16?
-7
In base 8, what is -47 - -17?
-30
In base 15, what is 2 - -5b?
5d
In base 11, what is -5 + -86?
-90
In base 15, what is 3 - 100c?
-1009
In base 6, what is -24 + 4?
-20
In base 6, what is -1 - -240?
235
In base 10, what is -395 + -8?
-403
In base 12, what is -ab - -8?
-a3
In base 5, what is 204 + 10?
214
In base 13, what is -243 + 6?
-23a
In base 4, what is -33 + 13?
-20
In base 5, what is -21 + 12?
-4
In base 8, what is 4263 - 4?
4257
In base 14, what is -49 + -45?
-90
In base 16, what is -5 + 40?
3b
In base 14, what is -14 + a?
-8
In base 2, what is 1 - 100110?
-100101
In base 9, what is 36 - -3?
40
In base 5, what is -3 - -42311?
42303
In base 3, what is -222 + -11202?
-12201
In base 14, what is -2 + 79?
77
In base 8, what is -2 - 1371?
-1373
In base 8, what is -4 - 324?
-330
In base 10, what is 14 - 3?
11
In base 7, what is 14 - -1663?
2010
In base 7, what is -346 - -4?
-342
In base 2, what is -100011 - -10011?
-10000
In base 10, what is -4 - -2844?
2840
In base 10, what is -3374 - -2?
-3372
In base 5, what is 10 - 30023?
-30013
In base 12, what is 5 + -b0?
-a7
In base 5, what is -142 - -4?
-133
In base 7, what is 62126 + 4?
62133
In base 13, what is 287 + -2?
285
In base 16, what is -69 + 0?
-69
In base 5, what is 143242 + 10?
143302
In base 15, what is -247 - 1?
-248
In base 8, what is -36 - 12?
-50
In base 5, what is 444 + 1?
1000
In base 11, what is -39 + 1?
-38
In base 5, what is -302 - 0?
-302
In base 7, what is -1 - -16516?
16515
In base 7, what is 12 + -5?
4
In base 11, what is -196 + 2?
-194
In base 14, what is -3 - -2c?
29
In base 6, what is -10 - 4?
-14
In base 16, what is 5d - 13?
4a
In base 13, what is 7b - -2b?
a9
In base 7, what is -1 - -52?
51
In base 15, what is -b + -15c?
-168
In base 14, what is bd + 1?
c0
In base 14, what is d1 + -c?
c3
In base 13, what is 0 + 390?
390
In base 12, what is 2 - -55?
57
In base 10, what is 3 - 167?
-164
In base 15, what is 2 - 4?
-2
In base 3, what is 1 - 0?
1
In base 4, what is 333 - 12?
321
In base 11, what is 105 - 4?
101
In base 4, what is -3120 - -1?
-3113
In base 4, what is 20222 + -11?
20211
In base 8, what is 1512 + 12?
1524
In base 15, what is 28 + -5?
23
In base 2, what is -1000111 - -101?
-1000010
In base 16, what is 9 + -1?
8
In base 5, what is 1 - -2224?
2230
In base 3, what is 1 - -1111?
1112
In base 11, what is -2956 + -1?
-2957
In base 5, what is 4 + -233?
-224
In base 14, what is 17 + -c7?
-b0
In base 2, what is -101010111 - -1000?
-101001111
In base 11, what is -1aa - -1?
-1a9
In base 4, what is 10313 - 23?
10230
In base 9, what is 5 + -4807?
-4802
In base 5, what is -4 + 2?
-2
In base 12, what is -1 - -14a9?
14a8
In base 8, what is -1 - 256?
-257
In base 15, what is -3 + -21c1?
-21c4
In base 7, what is -10 - -1034?
1024
In base 3, what is 20 + 20200?
20220
In base 3, what is -1220001100 + -2?
-1220001102
In base 4, what is 0 + -100113?
-100113
In base 3, what is 22 - 22010?
-21211
In base 10, what is -6 + -767?
-773
In base 7, what is 12325 + 0?
12325
In base 12, what is 1 + -41?
-40
In base 15, what is -3 + dc?
d9
In base 5, what is 32 - 12343?
-12311
In base 2, what is 11 + -1001011111000?
-1001011110101
In base 10, what is -919 + -3?
-922
In base 11, what is -4 + 77a?
776
In base 9, what is 1234 + 2?
1236
In base 11, what is -29 + -73?
-a1
In base 5, what is 3 - 1012?
-1004
In base 7, what is -464 - 2?
-466
In base 6, what is -2055 - 12?
-2111
In base 9, what is -5 + 5203?
5187
In base 7, what is 460 + -2?
455
In base 10, what is 4 + -6?
-2
In base 2, what is 1111010 - -11?
1111101
In base 16, what is 1bff + 0?
1bff
In